{"id":71308,"date":"2025-07-30T10:54:27","date_gmt":"2025-07-30T08:54:27","guid":{"rendered":"https:\/\/cfeda.com\/FreedArt\/?page_id=71308"},"modified":"2025-08-26T10:59:20","modified_gmt":"2025-08-26T08:59:20","slug":"coworking-creatif-a-villenave-dornon-free-da-bordeaux","status":"publish","type":"page","link":"https:\/\/cfeda.com\/FreedArt\/coworking-creatif-a-villenave-dornon-free-da-bordeaux\/","title":{"rendered":"Coworking cr\u00e9atif \u00e0 Villenave-d\u2019Ornon \u2013 Free d\u2019A Bordeaux"},"content":{"rendered":"<p>[et_pb_section fb_built=\u00a0\u00bb1&Prime; fullwidth=\u00a0\u00bbon\u00a0\u00bb _builder_version=\u00a0\u00bb4.27.4&Prime; _module_preset=\u00a0\u00bbdefault\u00a0\u00bb global_colors_info=\u00a0\u00bb{}\u00a0\u00bb][et_pb_fullwidth_header title=\u00a0\u00bb@ET-DC@eyJkeW5hbWljIjp0cnVlLCJjb250ZW50IjoicG9zdF90aXRsZSIsInNldHRpbmdzIjp7ImJlZm9yZSI6IiIsImFmdGVyIjoiIn19@\u00a0\u00bb button_one_text=\u00a0\u00bbINSCRIPTION\u00a0\u00bb button_two_text=\u00a0\u00bbEN SAVOIR PLUS\u00a0\u00bb _builder_version=\u00a0\u00bb4.27.4&Prime; _dynamic_attributes=\u00a0\u00bbtitle,content,background_image\u00a0\u00bb _module_preset=\u00a0\u00bbdefault\u00a0\u00bb background_color=\u00a0\u00bb#000000&Prime; use_background_color_gradient=\u00a0\u00bbon\u00a0\u00bb background_color_gradient_direction=\u00a0\u00bb119deg\u00a0\u00bb background_color_gradient_stops=\u00a0\u00bb#000000 0%|rgba(0,0,0,0.55) 100%\u00a0\u00bb background_color_gradient_overlays_image=\u00a0\u00bbon\u00a0\u00bb background_image=\u00a0\u00bb@ET-DC@eyJkeW5hbWljIjp0cnVlLCJjb250ZW50IjoicG9zdF9mZWF0dXJlZF9pbWFnZSIsInNldHRpbmdzIjp7fX0=@\u00a0\u00bb global_colors_info=\u00a0\u00bb{}\u00a0\u00bb]@ET-DC@eyJkeW5hbWljIjp0cnVlLCJjb250ZW50IjoicG9zdF9leGNlcnB0Iiwic2V0dGluZ3MiOnsiYmVmb3JlIjoiIiwiYWZ0ZXIiOiIiLCJ3b3JkcyI6IiIsInJlYWRfbW9yZV9sYWJlbCI6IiJ9fQ==@[\/et_pb_fullwidth_header][\/et_pb_section][et_pb_section fb_built=\u00a0\u00bb1&Prime; admin_label=\u00a0\u00bbAbout Us Section\u00a0\u00bb _builder_version=\u00a0\u00bb4.16&Prime; background_color=\u00a0\u00bb#f7f7f7&Prime; use_background_color_gradient=\u00a0\u00bbon\u00a0\u00bb background_color_gradient_stops=\u00a0\u00bbrgba(255,255,255,0.96) 0%|#ffffff 100%\u00a0\u00bb background_color_gradient_overlays_image=\u00a0\u00bbon\u00a0\u00bb background_color_gradient_start=\u00a0\u00bbrgba(255,255,255,0.96)\u00a0\u00bb background_color_gradient_end=\u00a0\u00bb#ffffff\u00a0\u00bb background_image=\u00a0\u00bbhttps:\/\/cfeda.com\/FreedArt\/wp-content\/uploads\/2025\/07\/fg.jpg\u00a0\u00bb background_size=\u00a0\u00bbinitial\u00a0\u00bb background_repeat=\u00a0\u00bbrepeat\u00a0\u00bb custom_padding=\u00a0\u00bb102px|0px|62px|0px|false|false\u00a0\u00bb global_colors_info=\u00a0\u00bb{}\u00a0\u00bb][et_pb_row column_structure=\u00a0\u00bb1_2,1_2&Prime; admin_label=\u00a0\u00bbRow\u00a0\u00bb _builder_version=\u00a0\u00bb4.16&Prime; custom_padding=\u00a0\u00bb|||\u00a0\u00bb animation_style=\u00a0\u00bbfade\u00a0\u00bb animation_delay=\u00a0\u00bb400ms\u00a0\u00bb global_colors_info=\u00a0\u00bb{}\u00a0\u00bb][et_pb_column type=\u00a0\u00bb1_2&Prime; _builder_version=\u00a0\u00bb4.16&Prime; custom_padding=\u00a0\u00bb|||\u00a0\u00bb global_colors_info=\u00a0\u00bb{}\u00a0\u00bb custom_padding__hover=\u00a0\u00bb|||\u00a0\u00bb][et_pb_text _builder_version=\u00a0\u00bb4.27.4&Prime; text_font=\u00a0\u00bb||||||||\u00a0\u00bb header_font=\u00a0\u00bb||||||||\u00a0\u00bb header_2_font=\u00a0\u00bbRajdhani|500||on|||||\u00a0\u00bb header_2_text_color=\u00a0\u00bb#000000&Prime; header_2_font_size=\u00a0\u00bb16px\u00a0\u00bb header_2_letter_spacing=\u00a0\u00bb1px\u00a0\u00bb header_2_line_height=\u00a0\u00bb1.3em\u00a0\u00bb custom_margin=\u00a0\u00bb|||\u00a0\u00bb custom_padding=\u00a0\u00bb10px|||1px\u00a0\u00bb saved_tabs=\u00a0\u00bball\u00a0\u00bb locked=\u00a0\u00bboff\u00a0\u00bb global_colors_info=\u00a0\u00bb{}\u00a0\u00bb]<\/p>\n<h2>Un lieu unique pour partager<\/h2>\n<p>[\/et_pb_text][et_pb_text _builder_version=\u00a0\u00bb4.27.4&Prime; text_font=\u00a0\u00bb||||||||\u00a0\u00bb header_font=\u00a0\u00bb||||||||\u00a0\u00bb header_3_font=\u00a0\u00bbRajdhani|700||on|||||\u00a0\u00bb header_3_text_color=\u00a0\u00bb#000000&Prime; header_3_font_size=\u00a0\u00bb30px\u00a0\u00bb header_3_line_height=\u00a0\u00bb1.4em\u00a0\u00bb custom_margin=\u00a0\u00bb-14px||\u00a0\u00bb global_colors_info=\u00a0\u00bb{}\u00a0\u00bb]<\/p>\n<h3>Un espace pens\u00e9 pour les artistes, praticien\u00b7nes et cr\u00e9atif\u00b7ves ind\u00e9pendants<\/h3>\n<p>[\/et_pb_text][et_pb_text _builder_version=\u00a0\u00bb4.27.4&Prime; text_font=\u00a0\u00bbRajdhani||||||||\u00a0\u00bb text_text_color=\u00a0\u00bb#000000&Prime; text_line_height=\u00a0\u00bb1.8em\u00a0\u00bb header_font=\u00a0\u00bb||||||||\u00a0\u00bb global_colors_info=\u00a0\u00bb{}\u00a0\u00bb]<\/p>\n<p data-start=\"345\" data-end=\"576\">Chez <strong data-start=\"350\" data-end=\"362\">Free d\u2019A<\/strong>, nous avons imagin\u00e9 un <strong data-start=\"386\" data-end=\"409\">espace de coworking<\/strong> qui sort des standards classiques. Ici, pas de n\u00e9on ni d\u2019open space impersonnel : notre lieu est un cocon chaleureux, vivant et engag\u00e9, \u00e0 l\u2019image de notre communaut\u00e9.<\/p>\n<p data-start=\"578\" data-end=\"827\">Nous mettons \u00e0 disposition un <strong data-start=\"608\" data-end=\"637\">espace de travail partag\u00e9<\/strong> pour les professionnel\u00b7les du <strong data-start=\"668\" data-end=\"728\">tatouage, du bien-\u00eatre, de l\u2019artisanat ou de la cr\u00e9ation<\/strong> qui cherchent un cadre inspirant, s\u00e9curis\u00e9 et humain pour exercer ponctuellement ou r\u00e9guli\u00e8rement.<\/p>\n<p>[\/et_pb_text][dsm_button button_one_text=\u00a0\u00bbR\u00c9SERVER\u00a0\u00bb button_two_text=\u00a0\u00bbDEMANDER UN DEVIS\u00a0\u00bb button_alignment=\u00a0\u00bbleft\u00a0\u00bb _builder_version=\u00a0\u00bb4.27.4&Prime; _module_preset=\u00a0\u00bbdefault\u00a0\u00bb custom_button_one=\u00a0\u00bbon\u00a0\u00bb button_one_text_color=\u00a0\u00bb#000000&Prime; custom_button_two=\u00a0\u00bbon\u00a0\u00bb button_two_text_color=\u00a0\u00bb#FFFFFF\u00a0\u00bb button_two_bg_color=\u00a0\u00bb#000000&Prime; global_colors_info=\u00a0\u00bb{}\u00a0\u00bb][\/dsm_button][\/et_pb_column][et_pb_column type=\u00a0\u00bb1_2&Prime; _builder_version=\u00a0\u00bb4.16&Prime; custom_padding=\u00a0\u00bb|||\u00a0\u00bb global_colors_info=\u00a0\u00bb{}\u00a0\u00bb custom_padding__hover=\u00a0\u00bb|||\u00a0\u00bb][et_pb_pricing_tables _builder_version=\u00a0\u00bb4.27.4&Prime; _module_preset=\u00a0\u00bbdefault\u00a0\u00bb positioning=\u00a0\u00bbnone\u00a0\u00bb position_origin_f=\u00a0\u00bbcenter_center\u00a0\u00bb sticky_position=\u00a0\u00bbtop\u00a0\u00bb motion_trigger_start=\u00a0\u00bbtop\u00a0\u00bb global_colors_info=\u00a0\u00bb{}\u00a0\u00bb][et_pb_pricing_table featured=\u00a0\u00bbon\u00a0\u00bb title=\u00a0\u00bb@ET-DC@eyJkeW5hbWljIjp0cnVlLCJjb250ZW50IjoicG9zdF90aXRsZSIsInNldHRpbmdzIjp7ImJlZm9yZSI6IiIsImFmdGVyIjoiIn19@\u00a0\u00bb subtitle=\u00a0\u00bb@ET-DC@eyJkeW5hbWljIjp0cnVlLCJjb250ZW50IjoicG9zdF9jYXRlZ29yaWVzIiwic2V0dGluZ3MiOnsiYmVmb3JlIjoiIiwiYWZ0ZXIiOiIiLCJsaW5rX3RvX3Rlcm1fcGFnZSI6Im9uIiwic2VwYXJhdG9yIjoiIHwgIiwiY2F0ZWdvcnlfdHlwZSI6ImNhdGVnb3J5In19@\u00a0\u00bb currency=\u00a0\u00bb\u20ac\u00a0\u00bb per=\u00a0\u00bbh\u00a0\u00bb sum=\u00a0\u00bb30&Prime; button_url=\u00a0\u00bbhttp:\/\/www.planity.com\u00a0\u00bb button_text=\u00a0\u00bbR\u00e9server\u00a0\u00bb bullet_color=\u00a0\u00bb#000000&Prime; header_background_color=\u00a0\u00bb#000000&Prime; _builder_version=\u00a0\u00bb4.27.4&Prime; _dynamic_attributes=\u00a0\u00bbtitle,subtitle\u00a0\u00bb _module_preset=\u00a0\u00bbdefault\u00a0\u00bb price_text_color=\u00a0\u00bb#000000&Prime; header_font=\u00a0\u00bbRajdhani||||||||\u00a0\u00bb header_font_size=\u00a0\u00bb30px\u00a0\u00bb body_font=\u00a0\u00bbRajdhani||||||||\u00a0\u00bb subheader_font=\u00a0\u00bbRajdhani||||||||\u00a0\u00bb subheader_text_color=\u00a0\u00bb#FFFFFF\u00a0\u00bb price_font=\u00a0\u00bbRajdhani||||||||\u00a0\u00bb price_font_size=\u00a0\u00bb100px\u00a0\u00bb currency_frequency_font=\u00a0\u00bbRajdhani||||||||\u00a0\u00bb currency_frequency_text_color=\u00a0\u00bb#000000&Prime; currency_frequency_font_size=\u00a0\u00bb30px\u00a0\u00bb currency_frequency_line_height=\u00a0\u00bb1em\u00a0\u00bb custom_button=\u00a0\u00bbon\u00a0\u00bb button_text_color=\u00a0\u00bb#000000&Prime; button_font=\u00a0\u00bbRajdhani||||||||\u00a0\u00bb position_origin_a=\u00a0\u00bbtop_right\u00a0\u00bb position_origin_f=\u00a0\u00bbtop_right\u00a0\u00bb motion_trigger_start=\u00a0\u00bbmiddle\u00a0\u00bb global_colors_info=\u00a0\u00bb{}\u00a0\u00bb sticky_transition=\u00a0\u00bbon\u00a0\u00bb]<\/p>\n<p>Un cadre bienveillant et inspirant : id\u00e9al pour travailler en toute libert\u00e9 dans une ambiance inclusive et artistique.<\/p>\n<p>Un espace conforme et \u00e9quip\u00e9 : pr\u00eat \u00e0 l\u2019emploi pour les pratiques de tatouage, esth\u00e9tique, bien-\u00eatre ou cr\u00e9ation.<\/p>\n<p>Z\u00e9ro engagement long terme : location souple \u00e0 la journ\u00e9e ou \u00e0 la semaine, selon vos besoins.<\/p>\n<p>Un lieu vivant pour d\u00e9velopper votre activit\u00e9 : synergies avec l\u2019\u00e9quipe en place et une client\u00e8le d\u00e9j\u00e0 fid\u00e8le.<\/p>\n<p>[\/et_pb_pricing_table][\/et_pb_pricing_tables][\/et_pb_column][\/et_pb_row][\/et_pb_section][et_pb_section fb_built=\u00a0\u00bb1&Prime; theme_builder_area=\u00a0\u00bbpost_content\u00a0\u00bb _builder_version=\u00a0\u00bb4.27.4&Prime; _module_preset=\u00a0\u00bbdefault\u00a0\u00bb][et_pb_row _builder_version=\u00a0\u00bb4.27.4&Prime; _module_preset=\u00a0\u00bbdefault\u00a0\u00bb theme_builder_area=\u00a0\u00bbpost_content\u00a0\u00bb][et_pb_column _builder_version=\u00a0\u00bb4.27.4&Prime; _module_preset=\u00a0\u00bbdefault\u00a0\u00bb type=\u00a0\u00bb4_4&Prime; theme_builder_area=\u00a0\u00bbpost_content\u00a0\u00bb][et_pb_gallery _builder_version=\u00a0\u00bb4.27.4&Prime; _module_preset=\u00a0\u00bbdefault\u00a0\u00bb theme_builder_area=\u00a0\u00bbpost_content\u00a0\u00bb gallery_ids=\u00a0\u00bb25393,60,59,58&Prime; hover_enabled=\u00a0\u00bb0&Prime; sticky_enabled=\u00a0\u00bb0&Prime;][\/et_pb_gallery][\/et_pb_column][\/et_pb_row][\/et_pb_section][et_pb_section fb_built=\u00a0\u00bb1&Prime; _builder_version=\u00a0\u00bb4.27.4&Prime; _module_preset=\u00a0\u00bbdefault\u00a0\u00bb global_colors_info=\u00a0\u00bb{}\u00a0\u00bb][et_pb_row _builder_version=\u00a0\u00bb4.27.4&Prime; _module_preset=\u00a0\u00bbdefault\u00a0\u00bb global_colors_info=\u00a0\u00bb{}\u00a0\u00bb][et_pb_column type=\u00a0\u00bb4_4&Prime; _builder_version=\u00a0\u00bb4.27.4&Prime; _module_preset=\u00a0\u00bbdefault\u00a0\u00bb global_colors_info=\u00a0\u00bb{}\u00a0\u00bb][et_pb_text _builder_version=\u00a0\u00bb4.27.4&Prime; _module_preset=\u00a0\u00bbdefault\u00a0\u00bb text_font=\u00a0\u00bbRajdhani||||||||\u00a0\u00bb header_2_font=\u00a0\u00bbRajdhani|600|||||||\u00a0\u00bb header_2_font_size=\u00a0\u00bb32px\u00a0\u00bb global_colors_info=\u00a0\u00bb{}\u00a0\u00bb]<\/p>\n<h2>\u00c0 qui s\u2019adresse ce coworking ?<\/h2>\n<ul>\n<li data-start=\"1276\" data-end=\"1310\">\n<p data-start=\"1278\" data-end=\"1310\">Tatoueur\u00b7euses sans salon fixe<\/p>\n<\/li>\n<li data-start=\"1311\" data-end=\"1366\">\n<p data-start=\"1313\" data-end=\"1366\">Esth\u00e9ticien\u00b7nes ou praticien\u00b7nes en soins bien-\u00eatre<\/p>\n<\/li>\n<li data-start=\"1367\" data-end=\"1418\">\n<p data-start=\"1369\" data-end=\"1418\">Cr\u00e9ateur\u00b7ices de bijoux, artisan\u00b7es, graphistes<\/p>\n<\/li>\n<li data-start=\"1419\" data-end=\"1481\">\n<p data-start=\"1421\" data-end=\"1481\">Professionnel\u00b7les en reconversion ou en lancement d\u2019activit\u00e9<\/p>\n<\/li>\n<\/ul>\n<h2 data-start=\"1488\" data-end=\"1511\"><\/h2>\n<h2 data-start=\"1488\" data-end=\"1511\">Comment r\u00e9server ?<\/h2>\n<p data-start=\"1513\" data-end=\"1729\">Nous proposons des cr\u00e9neaux souples, sans engagement long terme.<\/p>\n<p data-start=\"1513\" data-end=\"1729\">Contactez-nous par mail \u00e0 <strong data-start=\"1609\" data-end=\"1637\"><a data-start=\"1611\" data-end=\"1635\" class=\"cursor-pointer\" rel=\"noopener\">freedabordeaux@gmail.com<\/a><\/strong> ou r\u00e9servez un appel d\u00e9couverte via Planity pour venir visiter et \u00e9changer sur vos besoins.<\/p>\n<p data-start=\"1513\" data-end=\"1729\"><strong>Vous cherchez un espace de travail qui respecte votre pratique et vos valeurs\u202f?<\/strong><br data-start=\"1815\" data-end=\"1818\" \/><strong>Rejoignez notre coworking Free d\u2019A, un lieu qui place la cr\u00e9ativit\u00e9, l\u2019\u00e9thique et la libert\u00e9 professionnelle au c\u0153ur de chaque journ\u00e9e.<\/strong><\/p>\n<p>[\/et_pb_text][\/et_pb_column][\/et_pb_row][\/et_pb_section][et_pb_section fb_built=\u00a0\u00bb1&Prime; _builder_version=\u00a0\u00bb4.16&Prime; custom_padding=\u00a0\u00bb98px|0px|92px|0px|false|false\u00a0\u00bb global_colors_info=\u00a0\u00bb{}\u00a0\u00bb][et_pb_row column_structure=\u00a0\u00bb2_5,3_5&Prime; _builder_version=\u00a0\u00bb4.16&Prime; animation_style=\u00a0\u00bbfade\u00a0\u00bb animation_delay=\u00a0\u00bb400ms\u00a0\u00bb global_colors_info=\u00a0\u00bb{}\u00a0\u00bb][et_pb_column type=\u00a0\u00bb2_5&Prime; _builder_version=\u00a0\u00bb4.16&Prime; custom_padding=\u00a0\u00bb|||\u00a0\u00bb global_colors_info=\u00a0\u00bb{}\u00a0\u00bb custom_padding__hover=\u00a0\u00bb|||\u00a0\u00bb][et_pb_image src=\u00a0\u00bbhttps:\/\/cfeda.com\/FreedArt\/wp-content\/uploads\/2025\/07\/frida-khalo.png\u00a0\u00bb title_text=\u00a0\u00bbfrida khalo\u00a0\u00bb align=\u00a0\u00bbcenter\u00a0\u00bb align_tablet=\u00a0\u00bbcenter\u00a0\u00bb align_phone=\u00a0\u00bbcenter\u00a0\u00bb align_last_edited=\u00a0\u00bbon|desktop\u00a0\u00bb _builder_version=\u00a0\u00bb4.27.4&Prime; global_colors_info=\u00a0\u00bb{}\u00a0\u00bb][\/et_pb_image][\/et_pb_column][et_pb_column type=\u00a0\u00bb3_5&Prime; _builder_version=\u00a0\u00bb4.16&Prime; custom_padding=\u00a0\u00bb|||\u00a0\u00bb global_colors_info=\u00a0\u00bb{}\u00a0\u00bb custom_padding__hover=\u00a0\u00bb|||\u00a0\u00bb][et_pb_text _builder_version=\u00a0\u00bb4.27.4&Prime; text_font=\u00a0\u00bbRajdhani|700|||||||\u00a0\u00bb text_text_color=\u00a0\u00bb#000000&Prime; text_font_size=\u00a0\u00bb50px\u00a0\u00bb text_orientation=\u00a0\u00bbcenter\u00a0\u00bb custom_padding=\u00a0\u00bb24px||\u00a0\u00bb text_line_height_tablet=\u00a0\u00bb\u00a0\u00bb text_line_height_phone=\u00a0\u00bb1.3em\u00a0\u00bb text_line_height_last_edited=\u00a0\u00bbon|phone\u00a0\u00bb global_colors_info=\u00a0\u00bb{}\u00a0\u00bb]<\/p>\n<p>POURQUOI FREED&rsquo;A ?<\/p>\n<p>[\/et_pb_text][et_pb_text _builder_version=\u00a0\u00bb4.27.4&Prime; text_font=\u00a0\u00bbRajdhani||||||||\u00a0\u00bb text_text_color=\u00a0\u00bb#000000&Prime; text_font_size=\u00a0\u00bb20px\u00a0\u00bb text_line_height=\u00a0\u00bb1.8em\u00a0\u00bb header_font=\u00a0\u00bbRajdhani|700|||||||\u00a0\u00bb header_text_color=\u00a0\u00bb#000000&Prime; header_font_size=\u00a0\u00bb20px\u00a0\u00bb header_line_height=\u00a0\u00bb1.9em\u00a0\u00bb header_2_font=\u00a0\u00bbRajdhani|||on|||||\u00a0\u00bb header_2_text_color=\u00a0\u00bb#000000&Prime; header_2_font_size=\u00a0\u00bb16px\u00a0\u00bb header_2_line_height=\u00a0\u00bb0.1em\u00a0\u00bb text_orientation=\u00a0\u00bbcenter\u00a0\u00bb custom_padding=\u00a0\u00bb8px|||\u00a0\u00bb global_colors_info=\u00a0\u00bb{}\u00a0\u00bb]<\/p>\n<p>\u00ab\u00a0Chez Free d\u2019A, l\u2019art, l\u2019engagement et la libert\u00e9 s\u2019expriment \u00e0 fleur de peau. Inspir\u00e9 par <strong data-start=\"243\" data-end=\"258\">Frida Kahlo<\/strong>, symbole de force, de cr\u00e9ativit\u00e9 et d\u2019\u00e9mancipation, notre studio pr\u00f4ne une beaut\u00e9 libre, inclusive et engag\u00e9e. Tatouage, piercing ou esth\u00e9tique : chaque prestation est pens\u00e9e sur-mesure, avec <strong data-start=\"451\" data-end=\"498\">hygi\u00e8ne, bienveillance et produits naturels<\/strong>, pour sublimer chaque corps dans ce qu\u2019il a d\u2019unique et d\u2019authentique.\u00a0\u00bb<\/p>\n<h1>Sandra Dos Santos<\/h1>\n<h2>Esth\u00e9ticienne hygieniste et formatrice<\/h2>\n<p>[\/et_pb_text][\/et_pb_column][\/et_pb_row][\/et_pb_section]<\/p>\n","protected":false},"excerpt":{"rendered":"<p>Un lieu unique pour partagerUn espace pens\u00e9 pour les artistes, praticien\u00b7nes et cr\u00e9atif\u00b7ves ind\u00e9pendantsChez Free d\u2019A, nous avons imagin\u00e9 un espace de coworking qui sort des standards classiques. Ici, pas de n\u00e9on ni d\u2019open space impersonnel : notre lieu est un cocon chaleureux, vivant et engag\u00e9, \u00e0 l\u2019image de notre communaut\u00e9. Nous mettons \u00e0 disposition [&hellip;]<\/p>\n","protected":false},"author":1,"featured_media":0,"parent":0,"menu_order":0,"comment_status":"closed","ping_status":"closed","template":"","meta":{"_et_pb_use_builder":"on","_et_pb_old_content":"","_et_gb_content_width":"","footnotes":""},"class_list":["post-71308","page","type-page","status-publish","hentry"],"_links":{"self":[{"href":"https:\/\/cfeda.com\/FreedArt\/wp-json\/wp\/v2\/pages\/71308","targetHints":{"allow":["GET"]}}],"collection":[{"href":"https:\/\/cfeda.com\/FreedArt\/wp-json\/wp\/v2\/pages"}],"about":[{"href":"https:\/\/cfeda.com\/FreedArt\/wp-json\/wp\/v2\/types\/page"}],"author":[{"embeddable":true,"href":"https:\/\/cfeda.com\/FreedArt\/wp-json\/wp\/v2\/users\/1"}],"replies":[{"embeddable":true,"href":"https:\/\/cfeda.com\/FreedArt\/wp-json\/wp\/v2\/comments?post=71308"}],"version-history":[{"count":11,"href":"https:\/\/cfeda.com\/FreedArt\/wp-json\/wp\/v2\/pages\/71308\/revisions"}],"predecessor-version":[{"id":375261,"href":"https:\/\/cfeda.com\/FreedArt\/wp-json\/wp\/v2\/pages\/71308\/revisions\/375261"}],"wp:attachment":[{"href":"https:\/\/cfeda.com\/FreedArt\/wp-json\/wp\/v2\/media?parent=71308"}],"curies":[{"name":"wp","href":"https:\/\/api.w.org\/{rel}","templated":true}]}}